 1 - 2 + 4. Let a be l(2). Let d(g) = -2*g**3 + g**2. Calculate d(a).
3
Let h(n) = 17*n**2 + 18*n**2 - 34*n**2 + 7*n - 18*n + 11. Determine h(9).
-7
Let j(q) = q**3 - 3*q**2 - 3*q. Suppose -4*b - 3 + 15 = 0. Determine j(b).
-9
Let v be -4*-2*1/4. Let h(n) = -2*n - 9. Let i be h(-6). Suppose -5*f + v*d = -17, -2*d - i - 8 = -3*f. Let t(q) = -q**3 + 3*q**2 + 2*q - 2. Determine t(f).
4
Let r(v) be the second derivative of 2*v**5/15 - v**3/6 + v**2 + v. Let h(c) be the first derivative of r(c). Calculate h(1).
7
Let x(u) = -u**2 + 4*u - 1. Let g(h) = -h**2 - 12*h - 22. Let v be g(-9). What is x(v)?
-6
Let c(a) be the second derivative of a**5/20 - a**3/3 - a**2 - 7*a. Determine c(-2).
-6
Let u(j) = 2*j**3 - 9*j**3 + j**2 + 5*j**3 + 2*j + 1. Determine u(-1).
2
Let c(r) = -4*r - 17. Let k be c(-5). Let n(t) = 2*t - 3. What is n(k)?
3
Let p(z) = 3 + 2*z**2 - 1 + 1 - z**3 - 1 - 2*z. Let o be (-12)/(-4)*(-4)/(-6). What is p(o)?
-2
Let t = 4 - 4. Let k(c) be the third derivative of t*c**4 + 1/6*c**3 + 2*c**2 + 0 - 1/10*c**5 + 0*c. What is k(-1)?
-5
Let f(q) = 2*q - 25. Let o be f(13). Let s(u) be the second derivative of 2*u + 0 + 1/2*u**2 + 1/2*u**3. Determine s(o).
4
Let d(j) = -17*j + 11. Let g(n) = -8*n + 5. Let o(k) = 6*d(k) - 13*g(k). Determine o(-2).
-3
Let s(n) = -4*n**2 + 7 + 10*n + 3*n**2 + 2*n**2 - 3. Let u(o) = -2*o**2 - 19*o - 8. Let z(i) = -11*s(i) - 6*u(i). Let j = -10 - -6. Determine z(j).
4
Let j(i) = 20*i**3 - 21*i**2 + i - 9. Let u(z) be the first derivative of -7*z**4/4 + 7*z**3/3 + 3*z + 2. Let f(t) = -6*j(t) - 17*u(t). Determine f(6).
3
Let q(y) = -y**2 + 0*y**3 + 0*y**3 + 1 + y**3. Determine q(0).
1
Let t(m) = m + 3. Let q be t(-3). Let i = q - -3. Let d(k) = 0*k + k - i*k - 6 + k. Determine d(-4).
-2
Let j be 39/(-33) - 2/(-11). Let x = j + 7. Let u(g) = g**3 - 6*g**2 - 5. Calculate u(x).
-5
Let s(y) be the third derivative of 1/24*y**4 + 0*y + 3/2*y**3 + 4*y**2 + 0. Determine s(-5).
4
Let h = 18 - 13. Suppose -3 = 3*m, 3*b = h*b + 2*m - 10. Let s(a) = a - 3. Give s(b).
3
Let v(s) = 1. Let p be (-9)/6*(-2)/3. Let a(f) = 5*f - 5. Let t(i) = p*a(i) + 5*v(i). Determine t(-1).
-5
Suppose k = r, -2 = 3*k + 1. Let m(x) = -x**3 + 10*x**2 - 9*x + 4. Let y be m(9). Let b(l) = l - 3*l - l - y*l. Determine b(r).
7
Let v(y) = y - 2. Let p be -1 + -2 + 8/40*0. What is v(p)?
-5
Let l(g) be the third derivative of g**4/12 + g**3/3 + 14*g**2. Determine l(3).
8
Suppose y + 1 = -2, 2*k + 18 = -2*y. Let b(t) = -t - 1. What is b(k)?
5
Let g(f) = -f + 5. Suppose 3*l + 0*j - 24 = -3*j, 5*j = -l + 28. Suppose 4*v = -l*a - 15, 2*v + 2*a = -0*v - 10. Let w be v*(-3 + (-21)/(-6)). Give g(w).
5
Let p be 1 - 8/(2*-2). Let n(j) = 13 + 2*j**3 + 2*j**p - 14. What is n(-1)?
-5
Let n(c) = -3*c - 7 + 3*c + c**2 + 2*c - 1. Calculate n(-6).
16
Let c(o) be the third derivative of 1/12*o**4 + 0*o + 6*o**2 - 1/120*o**6 + 0 + 1/3*o**3 + 1/15*o**5. Determine c(4).
10
Let i(o) = -2*o - 6. Let u be i(-4). Let s(r) be the second derivative of -r**3/6 - r**2/2 - 2*r. Let l(x) = -4*x. Let h(q) = -l(q) + 3*s(q). Calculate h(u).
-1
Suppose -12*l = -7*l + 40. Let t(q) = -q**2 - 12*q - 11. Determine t(l).
21
Let c(z) = -70*z + 38*z + 38*z + 4. Determine c(3).
22
Let q(c) = c**2 + c - 3. Let p be (-5)/(-2) + 2/(-4). Let m(u) = -p*u + 2 + u + 0*u. Let y be m(2). Calculate q(y).
-3
Suppose -5*a = 4*p + 26, 6*a + 14 = a - p. Let f(o) = 9*o**2 - 9*o - 1. Let c(x) = 5*x**2 - 5*x. Let g(k) = 5*c(k) - 3*f(k). Give g(a).
-9
Let w = 4 - 2. Suppose w*l + 20 = -3*l. Let p(v) = 0 - v**2 + 2 - 6*v + v. Give p(l).
6
Suppose 4*o - 11 = 5. Let d = 17 + -16. Suppose -f - o = d. Let h(j) = -j + 2. Calculate h(f).
7
Suppose -2*i + 2 = -3*i. Let o(z) be the third derivative of 0*z**4 + 6*z**2 + 0 + 0*z**3 + 1/60*z**5 + 0*z. Give o(i).
4
Let m = 0 - -2. Suppose -5*a + 2*a + 34 = 5*b, 0 = -3*a + 3*b - 6. Let x(t) = 1 + 2*t**3 - t**2 - a - t**3. Determine x(m).
2
Let j = 17 + -19. Let z(p) = 6*p + 3. Calculate z(j).
-9
Let i be -2 - 2 - 4/(-2). Let j(p) be the first derivative of -p**4/4 - 4*p**3/3 - 2*p**2 - 2*p + 44. Calculate j(i).
-2
Suppose 0 = 2*s + 4 - 10. Let d(f) = -f - f**2 + 3*f**s + 0*f + f - 1 + 2*f. Suppose 0 = 4*q - q - 3. Determine d(q).
3
Suppose 0*r = -2*r - 4, -4*t + 18 = -5*r. Suppose 2*x = -6, -w + t*w - 1 = 2*x. Let k(d) = -d - 12. Calculate k(w).
-7
Let f(h) = -7*h**2 - 4*h + 6. Let a be 7*7/(147/(-18)). Let x(s) = -8*s**2 - 4*s + 7. Let v(r) = a*x(r) + 7*f(r). Give v(-2).
4
Let x be ((-1)/(-2))/(1/6). Suppose j + 1 = 0, 0 = x*n + 3*j + 2*j + 8. Let o(q) = -2*q**2 - q - 1. Give o(n).
-2
Let q(v) = v**2 + 4*v + 2. Let d(x) = -x**2 + 16*x - 18. Let z be d(14). Let u = 7 - z. Give q(u).
-1
Let f(n) = -3*n + 2*n**2 - 3*n**2 + 0*n. What is f(-3)?
0
Suppose 5*n - 3*n - 6 = 0. Let r(p) = -4 + p + 3*p**3 - p**2 + 4*p**n + 2 + 1. Determine r(1).
6
Suppose -5*o - 2*v - 2 = 0, -5 = 6*o - o + 5*v. Suppose 0 = -4*k - 1 + 5. Let f(g) = 1 + g - k. Determine f(o).
0
Let h(x) = x - 7. Suppose 24 = -0*k - 4*k. Let w = -6 - k. Calculate h(w).
-7
Let m be (8/(-6) - -1)/(16/48). Let z(i) = -2*i**2 + i + 1. Determine z(m).
-2
Let w(s) = -5 - 8*s + 2 + 14*s. Calculate w(2).
9
Let k(a) = 7*a + 6. Let o(b) = 10*b + 9. Let w(u) = 7*k(u) - 5*o(u). Suppose -4*m + 7 = -17. Let j(q) = q**2 - 8*q + 7. Let p be j(m). What is w(p)?
2
Let v(w) be the second derivative of w**4/12 - 2*w**3/3 - 7*w**2/2 - 13*w. Determine v(6).
5
Let y(g) = 2*g - 3. Suppose -4*o + w = -7*o + 53, w = 2*o - 32. Suppose -3*v + o = -4*v + 5*k, -4*v + 3*k = 0. Let z be (-2)/(-1 + v) - -6. What is y(z)?
7
Let t(k) = -k - 4. Let i be 42*(21/18 - 1). Give t(i).
-11
Let w(i) be the third derivative of 5*i**4/24 + i**3/2 - i**2. Let s(f) = f**2 + 7*f + 7. Let h be s(-5). Let j be -2 + (0/3)/h. Determine w(j).
-7
Let s(v) = -v**2 - 4*v + 7. Suppose -3*m + 9*m = -30. Give s(m).
2
Let p(d) be the second derivative of 7/2*d**2 - 4*d + 1/20*d**5 + 0 - 1/3*d**4 - d**3. Calculate p(5).
2
Suppose -20 = -4*r - r. Let l(w) be the third derivative of w**6/360 - w**5/120 - w**4/8 - w**3/2 + w**2. Let h(d) be the first derivative of l(d). Give h(r).
9
Let t = -18 - -11. Let q = 7 - 9. Let m = t - q. Let l(s) = -s**3 - 4*s**2 + 7*s + 4. What is l(m)?
-6
Let z(k) = 3 - 1 - 6*k**2 + 7*k - k - 1 + k**3. Suppose -5*n + 17 = -4*n. Suppose -3 = -4*t + n. Calculate z(t).
6
Let q(n) = 3*n**3 + 26*n**2 + 14*n - 8. Let p(a) = -2*a**3 - 17*a**2 - 9*a + 5. Let g(d) = 8*p(d) + 5*q(d). Determine g(-3).
-21
Let s be (-20 - -8)*5/15. Let g(u) = u**3 + 4*u**2 + 3. Let h be g(-4). Let q(t) = 4*t - t + h*t + 5 + t**2. Calculate q(s).
-3
Suppose -4*c - 1 = 15. Let z(r) be the first derivative of r + 3*r**2 + 1/3*r**3 + 14. Determine z(c).
-7
Let d(l) be the first derivative of -3 - 2*l - 1/4*l**4 + 5/3*l**3 + 3*l**2. What is d(6)?
-2
Suppose 6*l = 3*l + 6. Let x(d) be the first derivative of d**2 + 1/3*d**3 + 3*d + l. Calculate x(-3).
6
Let j = 1 + -1. Suppose 4 + 8 = 6*s. Let w(t) = -s*t + t + 0*t + 1 + j*t. What is w(2)?
-1
Let j(q) = 10*q**3 - 14*q**3 - 2*q**2 + 2*q + q**2 - 1. Let i be (-1 - (0 + 9))/(-2). Suppose -m + 3*h - i = 0, 0 = 2*m + 2*m - 2*h. Calculate j(m).
-4
Let o(b) = 16 - 36 + 12 + 2*b. What is o(6)?
4
Let o(j) = -5*j**2 + 4*j + 2. Let d(q) be the first derivative of -2*q**3/3 + q**2/2 + q - 5. Let w(y) = -8*d(y) + 3*o(y). Give w(-5).
3
Suppose 6*g - 2*w = 5*g - 3, -g - 2*w + 17 = 0. Let j(y) = -y**3 + 8*y**2 - 7*y + 10. What is j(g)?
10
Let u(p) = -p**3 - 4*p**2 + 6*p + 20. Let y be u(-4). Let b(l) = -8 - 5*l + l + 4. Determine b(y).
12
Let t(v) = 2*v**2 - 6*v. Let z be (-9)/(-2) + (-1)/(-2). Let a(g) = 3*g**2 - 7*g. Let c(s) = z*t(s) - 4*a(s). Give c(-2).
-4
Let r(v) = -v**2 - 5*v - 2. Let c be r(-3). Let d(n) be the first derivative of -5/3*n**3 + 1/2*n**2 - 3 + 1/4*n**4 + 3*n. Calculate d(c).
-9
Suppose 2*d + 5*j - 33 = 0, -j - 6 = -4*d + j. Let h be 2/(-4)*-2*d. Let f(g) = -g - g - 3*g + h*g. Determine f(6).
-6
Let c(l) = l. Let x(h) = 5*h + 14. Let d(p) = 4*c(p) - x(p). Give d(-7).
-7
Let s(h) be the second derivative of -h**6/120 - 7*h**5/60 - h**4/6 + h**3 + 2*h**2 - 4*h. Let q(b) be the first derivative of s(b). Give q(-6).
-6
Let t(a) = a + 4. Let g = -74 - -69. Determine t(g).
-1
Let l(u) = -u**2 - 9*u - 10. Let k be l(-7). Let s(z) = k*z - z